 11 - -34 - (-2 + -27)?
28
What is the value of (-2 - -9) + (20 - 17)?
10
(25 - (44 + -5)) + (-6 - -53)
33
Calculate 25 + ((-1 - -2) + -9 - (-5 - -7)).
15
Calculate 93 - 109 - (-14 - 1).
-1
What is the value of -271 - -290 - (-1 - -16)?
4
(5 - -12) + (-34 - -15)
-2
Evaluate -10 + 22 + -4 + (-20 + -1 - 2).
-15
Calculate 6 + -8 - (-8 + 1).
5
Evaluate 28 + (-21 - -3) - 11.
-1
What is 7 + (5 - (7 + -4 + 10)) + 19?
18
1 + (48 - 42) + (-11 - 1)
-5
What is (145 - 159) + -3 + (-2 - -47)?
28
What is the value of 0 - (-3 - (-2 - -11) - -14)?
-2
What is -42 + 4 + 342 + -314?
-10
Calculate 7 + 8 + 1 + -11 - 32.
-27
35 + -5 + -40 - 8
-18
What is the value of (19 - 26) + 37 - 8?
22
18 + 5 + -15 + 4 - -9
21
What is the value of 48 + (16 - 49) - (-1 + 11)?
5
Calculate 10 - 0 - ((-8 + 1 - -10) + 5).
2
(-5 + 15 - -2) + (-9 - -3)
6
Evaluate 4 + (-7 - (0 + -2)) + 4.
3
What is the value of 18 - (-10 + 2 + 21)?
5
Calculate 17 + -38 + 34 + -40.
-27
What is -1 - ((42 - 27 - 29) + 1 + 1)?
11
19 + (0 - -2) - (66 - 58)
13
What is the value of (-10 - -5) + -2 + -21 + 12?
-16
Calculate -7 + -2 + (6 - 11 - 10).
-24
What is 6 + 0 + (-14 - -11)?
3
What is the value of -12 - (-4 + 4 - (-11 + 0))?
-23
Evaluate -23 - (17 - (26 + 12)).
-2
Calculate -24 - (-3 - (-5 - -41)).
15
What is the value of 9 - (-4 - (3 - 14) - (35 - 25))?
12
What is the value of (48 - 50) + 0 + 1 + 6?
5
Evaluate 2 + -2 + 8 - 20.
-12
What is 2 + (-4 - (-1 + 0)) + -5 + 8?
2
What is the value of -6 + 2 - (56 + -81 - (-4 - 1))?
16
What is the value of -8 + -3 + (-8 - -22)?
3
2 - (4 + 1 + -35 + 30)
2
What is the value of (17 + 18 - 6) + 3?
32
Calculate -11 - (107 + -112 + 0 + 0).
-6
Calculate -16 - (5 - 38) - -6.
23
Calculate -2 + 13 + (-12 - -9) + -17 - -1.
-8
Evaluate -2 + 0 + 0 + 51 + (-71 - -19).
-3
Calculate 1 + (-10 - -5) + (17 - 7) + -15.
-9
-10 + 9 + (5 - -19 - (-4 + 8))
19
Calculate 16 + -31 + 10 - (-2 + 3 + -24).
18
What is the value of 2 + -1 + -10 + 2 + 14?
7
What is the value of -3 + 5 + -9 - (-146 + 137)?
2
8 - (1 + -3) - (-41 - -73 - 40)
18
Evaluate 9 + (-5 - (2 + -8 + 2 - -2)).
6
Evaluate (-50 - -40) + (6 - 2) + 17.
11
-6 + -12 + 12 - 5
-11
Calculate (3 - 10) + 18 + -2 + -2.
7
Evaluate ((5 - 2) + 4 - 8) + 1.
0
Evaluate (18 - (4 - 0)) + -5.
9
What is the value of (9 + (-6 - (-8 - -7)) - -3) + -17?
-10
What is -1 + 4 + (5 - 4) + -38 + 33?
-1
What is 25 + 3 + (-15 - 5)?
8
Calculate -6 - (-15 - 0) - 27.
-18
What is the value of (-38 - -8) + 11 + 4?
-15
Calculate (-17 - 1) + (-11 - -23).
-6
Calculate (0 - 3 - (-76 + 70)) + (-1 - -1).
3
Evaluate 13 + (3 - 2) + -593 + 592.
13
What is the value of 4 + 17 + -17 + -3 + (3 - 5)?
-1
Evaluate (783 - 806) + 1 + -10.
-32
Evaluate (1 - 8) + (30 - -40) + -90.
-27
Evaluate -8 - ((-9 + 6 + 1 - -7) + 1).
-14
What is (35 - 22 - -8) + -12?
9
Calculate (-1 - (9 + 2)) + 13 + -13 + 5.
-7
Evaluate (-147 - -76) + 45 - ((0 - 1) + -2).
-23
7 - (32 - (1 + 24))
0
Calculate 2 + -13 + 27 + -10.
6
What is 15 + (10 - (11 + -3)) - (6 + 0)?
11
Calculate 61 + -80 - (10 + -3 + 0).
-26
What is 10 + -23 + 7 + (10 - 1)?
3
Calculate -4 + 4 + (2 - 1) + 6 + -3.
4
Evaluate 3 - (3 + (-21 - -11)).
10
What is the value of 0 - ((-6 - 1) + -13 + (13 - -5))?
2
What is (21 - 65 - -42) + (-1 - -3) + -9?
-9
Evaluate 26 + 4 + 5 + -27.
8
Calculate -18 - (-8 + -12 + 12).
-10
What is 1 - -9 - (100 - 85)?
-5
Calculate -10 + (-8 - -14) + 9 + -22.
-17
What is the value of -4 - (-7 + 16 + -14) - (1 + -5)?
5
Calculate (39 - 61) + (1 - (-4 + 7 + -5)).
-19
What is the value of (-1 - 3 - 25) + (-3 - (12 + -18))?
-26
(-3 - (-7 + 8)) + -4 + (-1 - 1)
-10
Evaluate 14 - -3 - (-7 + 12).
12
112 + -70 + -26 - (47 + 1)
-32
What is the value of (0 - (0 - -4)) + -35 + 50?
11
25 + -42 + (7 - -4)
-6
-1 - 5 - ((3 - 10) + -4)
5
What is the value of -1 + (-15 + -5 - -11)?
-10
What is -15 - (-7 + -4 + 18 + -14 + 10)?
-18
16 + 15 + -23 - (5 + 0)
3
Calculate -12 + -10 + (7 - (4 - 0)) - -6.
-13
Calculate (-7 - (-9 + -8 + -1)) + 1.
12
Evaluate (9 - -5) + (-3 - (-14 - -6)) + 1.
20
2 - (-2 + -1 - (-1 - (4 + -5)))
5
What is the value of (-31 - -37) + (9 - -13)?
28
Evaluate 11 + -3 + -3 + (-7 - -5) + -1.
2
What is the value of 7 + (26 + -52 - -8)?
-11
Calculate -3 + 6 + -4 + -3 + 0 - 7.
-11
What is 0 + 0 + (-5 - 0 - (-30 - -15))?
10
Calculate -16 + -9 - (14 + -55).
16
What is 32 - (22 + (-2 - 6) - 5)?
23
Calculate -5 - (5 - 13 - (4 + -8 - 1)).
-2
-7 + -17 + -1 - (-45 + 44)
-24
Calculate 281 - 283 - (1 + -14 - -3).
8
Evaluate 35 + 22 + -38 + 7.
26
What is (-18 + 7 + 21 - 12) + -3?
-5
What is 278 - 244 - (-3 - (-3 + -7))?
27
What is -16 + -48 + 31 - -59?
26
Calculate -7 - (-15 + (8 - -16) - -1).
-17
Calculate -29 + (2 - ((-13 - -8 - 16) + 11)).
-17
What is the value of 19 - 9 - (-1 + 7 + -13)?
17
Evaluate 16 - (7 + -11) - 14.
6
Evaluate (18 - 16) + -13 + -2 + 0 + -5.
-18
(-42 + 13 - -27) + (-14 - -1)
-15
Evaluate ((-31 - -15) + 11 - 16) + -15.
-36
Evaluate 11 - ((1 - 0 - 4) + 81 + -74).
7
Calculate -7 - -11 - 2 - 13.
-11
Calculate 11 + (1 - (14 - 2)) + -15.
-15
Calculate 0 - 19 - (44 + -45).
-18
What is -18 + 17 - 5 - -8?
2
Calculate (-47 - (-55 + 23)) + (1 - -8).
-6
17 - ((10 - 8 - -12) + -7)
10
Evaluate -1 - -29 - (-447 + 481).
-6
What is the value of 4 + -17 - (10 - (5 - 1) - 11)?
-8
Evaluate 2 + 7 + 5 + (-1 - 3).
10
What is the value of -30 + (10 - (23 + -11 - 1) - -7)?
-24
Calculate 44 + -54 - (4 + -22).
8
-11 + -42 + 11 + 47
5
What is -10 + (20 - 0 - 4)?
6
-4 - (-8 + 2 + -12 + 4) - 3
7
What is the value of -11 + 3 + -10 + -12 + 41?
11
Calculate 17 - 22 - -18 - -4.
17
What is the value of (2 - -2 - (4 - (0 + 5))) + -11?
-6
Calculate (1 - -3 - -3) + (20 - 27 - -31).
31
Evaluate (-5 + 7 + 7 - 3) + -19 + -16.
-29
2 - (-21 + -16 + 22)
17
Calculate 16 - (-2 + (15 - -13)).
-10
Evaluate 25 - (-11 + 3 + 13).
20
-2 + -15 + 15 + (-23 - -8)
-17
What is -1 + 3 + -2 - (23 + -1 + -25)?
3
Calculate 12 + -31 + 6 - (-5 + -31).
23
What is the value of 10 - ((-4 - 0) + (-6 - (-29 - -11)))?
2
What is the value of 17 - (-18 + 6 + 36)?
-7
What is the value of -2 - (-6 + -1 + 1 - -4)?
0
Calculate 698 + -680 - (1 + 19).
-2
What is 5 + 16 + (-4 - (-17 - -10 - -5))?
19
7 + (-6 - -2) + -8 + 8
3
What is -2 - ((7 - 19) + (-1 - (1 + 7)))?
19
Calculate 469 - 473 - (-1 - (4 + 0)).
1
What is the value of 15 + -43 + 12 + 10?
-6
Calculate 34 - (26 - 8) - (0 + 0).
16
Evaluate 10 - (6 + (6 - (7 + (2 - -7)))).
14
Calculate (-4 - -5 - -11) + (-36 - -37).
13
Evaluate (23 - 0) + 1018 + -1032.
9
-3 + 13 + -13 + 3 - -1
1
What is the value of -19 + (16 - -11) - (-9 + 5 + -2)?
14
Evaluate (-2 - 3) + -18 + 10.
-13
1 + -2 + (-56 - -62)
5
What is the value of 8 + -9 + 12 - 2?
9
Evaluate -7 + 52 + -11 + -14 + -9.
11
Evaluate 11 + 3 - (77 - 66).
3
What is the value of 2 - 21 - (-16 - 3)?
0
What is the value of -50 + 24 + 14 + 0 + 6?
-6
What is the value of 1 - 2 - (230 - 219)?
-12
-2 + 8 + (-24 - (38 - 50))
-6
(18 - 10) + -11 + -2 + 13
8
Evaluate 0 - (4 - (-7 + 12)) - -5.
6
What is 6 + 2 + -25 + 13?
-4
Evaluate -7 - (22 + -40) - 30.
-19
Evaluate -42 + 34 + (-10 - -5) + 28.
15
What is -31 - (8 - 7) - (-9 + -3)?
-20
Evaluate -2 - (9 - 0 - (11 + -5)).
-5
What is 10 - (4 + 8) - (0 + 2 - -2)?
-6
What is -1 + -5 + 8 + (2 - 16)?
-12
Evaluate -23 - -2 - (-455 + 421).
13
Calculate (14 - 0) + -3 + -355 + 375.
31
Evaluate -23 + 10 + -23 + 21.
-15
What is the value of -2 + 10 + -7 + 4 + (-1 - 4)?
0
What is 4 + 2 - (30 + 1 + -28)?
3
What is the value of -3 + (1 - (-3 - 4) - -8)?
13
-7 + 3 - (-18 + 10 + 7)
-3
What is the value of (-24 - -31 - (-3 - (0 - -4))) + -2?
12
What is 9 - (16 + -25) - 21?
-3
What is the value of -8 + 0 + -1 - (17 - (-9 - -35))?
0
Evaluate 22 + (-39 - (-41 + 18)).
6
Calculate -11 + 3 + 16 - (1 + -8 - -2).
13
What is (-9 - (5 + -6) - 0) + 2 + -3?
-9
What is the value of 10 + -1 + 10 + -28 + 13 + 6?
10
Evaluate -3 - 29 - (-8 - (8 + -11 + -2)).
-29
Evaluate 20 + (-6 - ((-3 - -5) + -15)).
27
What is the value of 1 - 8 - (-42 - (1 + -29))?
7
Calculate (-8 - 0) + (-1 - (-17 - -5)).
3
What is (52 - 65) + ((-2 - 0) + 7 - -2)?
-6
Evaluate 21 - ((3 - (-1 + 1 + -3)) + 0).
15
What is (-11 - -14 - (5 + -8)) + (-13 - -7)?
0
-6 + 3 + 16 + -22 - 5
-14
What is the value of -2 - (1 + -1 + 4)?
-6
(0 - -1) + (0 + 15 + -2 - 7)
7
Evaluate 6 - (8 - ((-3 - 5) + 33)).
23
What is 2 - (-19 + 